15 + (-6 - (-10 - -12)).
7
What is 7 + (-1 - 3 - 0)?
3
Evaluate -14 + 4 + -12 + 17.
-5
Calculate (-1 - -2) + -8 + -14 + 16.
-5
What is (14 + -13 - (-1 - 1)) + -4?
-1
4 + -8 - (-8 + (-2 - -3))
3
(12 - 15) + -3 + -6 + 4
-8
What is -2 + 2 - 1 - -6?
5
What is -1 - 11 - (8 - (13 + 1))?
-6
What is the value of 3 + (9 - 2) - (-14 - -19)?
5
Calculate (1 - -4) + -11 + 5.
-1
What is 5 + -9 + (-3 - -2)?
-5
What is the value of (-5 - 1) + (4 + -4 - -5)?
-1
-2 + 0 + (-2 - -4)
0
Calculate (-11 - -28 - 6) + -4.
7
What is 1 + -9 + 129 + -124?
-3
What is 4 - (5 - 2) - 3?
-2
What is the value of 0 + 4 + 14 + (-12 - -1)?
7
What is (2 - -2) + 1 + -4?
1
Evaluate (2 + -2 - -3) + -2.
1
Evaluate (-4 + 8 - (8 + -3)) + 5.
4
What is (-41 - -18) + 16 + 3 + 1?
-3
Calculate (3 - 0 - -6) + (-4 - 0).
5
What is the value of (4 - 4) + 4 - -1?
5
What is the value of -133 - -128 - (-15 - -2)?
8
Calculate -1 + 6 + -4 + (6 - 3).
4
Evaluate 0 + -4 + 1 + 0.
-3
What is the value of 2 - (6 - 7) - 2?
1
What is the value of -14 - (7 + -5) - -8 - -3?
-5
Evaluate (14 - 21) + (-3 - -2).
-8
Calculate 2 - 1 - ((3 - 4) + -3).
5
Evaluate 5 + (-11 - -4 - -7).
5
Calculate -8 + 12 + -5 - 15 - -7.
-9
What is the value of 4 + (-5 - 4) - (-12 + 0)?
7
(-1 - -4) + (-3 - 0) + 3
3
Evaluate -1 + 1 + (22 - (-2 + 16)).
8
Evaluate 0 + 4 + 1 + -3.
2
Calculate -1 + 4 + -8 + 10.
5
Evaluate (0 - -4) + (-5 - 2) - -3.
0
What is the value of 7 - (5 + -3 + 5 + -6)?
6
Evaluate 0 + -7 - (-4 + 0 + 0).
-3
Calculate -5 - (1 + -6 - (16 - 16)).
0
What is (-2 - -4 - 9) + (-12 - -16)?
-3
What is (-3 - (-8 + 3 + 3)) + -3?
-4
What is (0 - -2 - -3) + -13 + 13?
5
Calculate -1 - (1 + 1 - (8 - 5)).
0
Evaluate -12 + 21 + -19 + 10.
0
-32 - -29 - ((0 - 1) + 4)
-6
Calculate (5 - 1) + -35 + 23.
-8
Evaluate (16 - 8) + (-2 - 2).
4
What is the value of 5 - (2 - (-6 + (3 - -2)))?
2
What is the value of (-25 - -27) + -2 + -1?
-1
What is 1 + 4 - (2 - -1)?
2
-8 + 15 + (4 - 9) - 0
2
What is (0 - (0 - -2)) + 3 - 0?
1
-2 + (6 - 3 - 0)
1
What is the value of -7 - (-12 - (-5 - (4 + -9)))?
5
What is 0 - (2 - (-4 - -1))?
-5
5 - (-3 - (-2 + -2) - 0)
4
Calculate -3 - -1 - (-11 - -15).
-6
What is the value of (0 - -3) + -3 + -2?
-2
Evaluate 0 - (2 - 3 - -2).
-1
(8 + 8 - 11) + (2 - 2)
5
What is 10 - (15 + -9 + -1)?
5
What is the value of -7 + 0 + 4 + -3?
-6
What is the value of -77 - -84 - (0 - (-2 - -3))?
8
Evaluate -11 + 3 + -3 + 11.
0
Calculate (7 - 7 - -4) + -1 + 1.
4
What is the value of (-1 + -9 - 0) + (-163 - -167)?
-6
Calculate -1 - 1 - (-5 + 3 + -3).
3
6 + (-1 + -2 - (-5 - -2))
6
What is 0 + -2 + (-22 - -16)?
-8
What is -2 + -2 + 2 - -7?
5
Evaluate 1 - (11 + -5 - 0).
-5
Evaluate 2 + -4 + (-8 - -12).
2
Evaluate (2 + -5 - -2) + 2.
1
What is the value of 7 + (1 - (-3 + 6)) + 6?
11
Calculate -2 + -1 + 5 + (-1 - 2).
-1
Evaluate (-5 - 10) + 7 + 1.
-7
What is the value of -8 + -7 + 5 - -9?
-1
What is the value of 0 + -4 - (-8 + 4 + 0)?
0
What is (5 - 1) + -3 - -6?
7
-3 - ((-12 - -7) + -3)
5
What is 0 - 1 - ((2 - 6) + 1)?
2
Calculate 5 - (4 - -7) - (18 - 13).
-11
Evaluate -1 + (4 - 3) - (0 + 5).
-5
Calculate (-5 - -2) + 9 - (49 - 44).
1
3 + (1 - (6 + 4 + -7))
1
What is 3 + (0 - -2 - (22 - 13))?
-4
What is 4 + -1 - (1 - -1)?
1
Calculate -2 + -10 + (2 - -5).
-5
Calculate -4 + -1 + 2 - (-11 - -8).
0
-5 + 2 + 0 + 0
-3
What is the value of 12 - 6 - (-2 - -12)?
-4
Calculate 10 - (5 - (4 + -7)).
2
Evaluate 66 + -58 + 1 + -15.
-6
What is 3 - (8 + -2 - 0)?
-3
Evaluate -1 + -1 + (-5 - -1).
-6
What is (1 - -8) + (-15 - (14 + -21))?
1
What is the value of -2 + 0 - -4 - (-6 + 5)?
3
0 - -4 - (15 - 7)
-4
Evaluate 1 + -2 + (1 - 1 - -1).
0
Evaluate (1 - 2 - (-3 - -1)) + 0.
1
What is the value of -5 + 3 + (-5 - -4)?
-3
Evaluate 1 - 8 - -7 - 1.
-1
2 + (-3 - -1) + 4 + -4
0
Evaluate 4 - (-2 - (-12 + (-1 - -3))).
-4
Evaluate 8 - 10 - (-2 - -1).
-1
Evaluate (1 - (2 - -1)) + 6.
4
Calculate (8 - 7) + (2 - 1) - 2.
0
-3 - (5 - (11 + -3))
0
-2 - -11 - -1 - 9
1
Evaluate 1 + 0 + -8 + -1 - -12.
4
Calculate 4 + -8 + -1 + 0.
-5
Evaluate (-4 - -2) + -1 + 5 - 3.
-1
What is the value of -5 - (-2 - (8 + -4))?
1
What is the value of -16 - -3 - -8 - -7?
2
What is 2 + -11 + -1 + 5?
-5
What is the value of 0 + (3 - (-6 - (-2 - 1)))?
6
2 + 0 - 2 - 4 - -1
-3
What is the value of 0 - 1 - (-6 + (3 - -8))?
-6
What is 6 + (-4 - -7) + -11?
-2
What is the value of -3 + 5 + -5 + 1?
-2
What is -5 - (-6 + 3 + -1 - 0)?
-1
What is the value of (-3 - 0 - 0) + 1 + 5?
3
Calculate 4 + (1 - (0 - -13)) + 5.
-3
What is (-9 - 2) + 13 - 9?
-7
Calculate -3 + (5 - 9) - (5 - 3).
-9
Evaluate 5 + -10 - (-7 - (-4 + 3)).
1
-4 + 6 - -4 - 9
-3
What is the value of (-2 - 1 - -1) + 4 - 6?
-4
What is the value of -4 - (-2 + 3 + 2)?
-7
What is the value of 1 + -3 + 0 + 5 - 6?
-3
What is -3 + 3 + 8 + -4?
4
What is the value of -2 + 2 + 1 + -8 + 4?
-3
What is the value of 12 - (1 + -6 + 11)?
6
What is the value of 3 + -7 + -1 + 9 + 4?
8
Evaluate 1 - -17 - (3 + 10).
5
(3 - 6) + -3 - (-1 - 3)
-2
What is (-1 - (1 - (0 - 0))) + 2?
0
Calculate (-5 - -3) + -8 + (2 - -9).
1
What is 4 + -14 + 9 + -2?
-3
Evaluate -2 - (-8 - (-6 - -1)).
1
Calculate (-23 - (4 - 15)) + 7.
-5
-7 - (-6 + (7 - 5) - -3)
-6
-6 - ((2 + -3 - -6) + -3)
-8
Calculate 4 + 0 + 0 + 2 + -5.
1
Evaluate 0 + 3 + -3 + -6 + 1.
-5
What is the value of -2 - 5 - ((-2 - 6) + 5)?
-4
What is the value of (-21 - -19) + (-4 - -1) + -4?
-9
Evaluate 0 + (0 - (1 - -4) - -2).
-3
What is -1 - (4 + (4 - 4 - 8))?
3
Evaluate (-1 - -5) + -11 + 2.
-5
What is the value of -14 - -2 - -11 - 6?
-7
Evaluate 8 - 1 - (17 - 15).
5
What is 0 + (2 - (1 + -5) - 3)?
3
3 + 3 + (-22 - -10) + 4
-2
Calculate (6 - 4) + (4 - 1).
5
What is the value of -13 + 3 + 8 + -2?
-4
Evaluate -5 + -5 + (1 - -9).
0
Evaluate (-1 - (-3 - -6)) + 2 + 1.
-1
What is the value of 0 + -3 + (20 - 13 - 4)?
0
Evaluate -1 - (0 - -2) - (1 + -2).
-2
Calculate -1 + -2 + -1 + 1.
-3
What is the value of 1 + -4 + (-10 - (0 + -7))?
-6
What is 5 + (-4 - (5 + -3 + 3))?
-4
Evaluate 2 - (5 + -5 - 3).
5
-1 - (4 + 1 - 1 - 0)
-5
What is (-1 - 0) + 5 + -3?
1
What is -12 + -5 + (-9 - -28 - 7)?
-5
What is 5 + (3 - 9 - 0)?
-1
Evaluate 2 + 2 + -7 + (-80 - -78).
-5
Evaluate -1 + -5 + 9 - -4.
7
What is -12 - (-4 + 0) - -4?
-4
Evaluate 0 + 1 + (-2 - 2) + 8.
5
What is the value of 5 + 1 + -6 - 3?
-3
What is the value of -2 + 2 - (3 + (2 - 0))?
-5
What is -2 + 3 + (6 - 6) - 0?
1
6 + (-3 + 2 + -3 - -4)
6
Calculate 0 - (0 + (0 - (2 - 1))).
1
What is -4 + 5 + -3 - (0 - 0)?
-2
Evaluate (9 - 5) + -9 - (4 + -8).
-1
Evaluate (-6 - (0 - 9)) + -1.
2
What is 2 + (1 - (3 - 2))?
2
What is -16 + -1 + 22 - (11 + -1)?
-5
Evaluate -4 - ((-1 - 10) + 1).
6
-2 - (3 - 6 - -2)
-1
(-12 - (8 - 15)) + 4
-1
Evaluate (-18 - (-3 + -2)) + 8.
-5
Calculate (-4 - (0 + 1 + -4)) + -1.
-2
Evaluate 2 + 0 + (4 + -6 - -10).
10
What is the value of (5 - 5) + 10 + -11?
-1
What is the value of (-3 - (-11 - 3)) + -19?
-8
What is 16 + -21 - (-5 - -1)?
-1
Calculate (26 - 23) + -7 + 0.
-4
-14 + (7 - 1) - -6
-2
(7 - 8) + 4 - (2 - -1)
0
Evaluate (-1 - 2) + (-12 - -15).
0
What is the value of (0 - -1) + (2 - 1)?
2
Evaluate -1 + 8 - (0 + 3 + 2).
2
Evaluate -8 + -1 - (-32 + 29).
-6
5 + -7 + 8 + -1
5
(-11 - (-6 + -5)) + 6
6
Evaluate -2 - -2 - (1 + 0 + 4).
-5
-71 + 72 - (-1 + -1)
3
Evaluate (-8 - -9) + -11 + 7.
-3
Calculate (0 + -6 - -10) + -1 + 1.
4
What is (27 - 31) + 1 + (5 - -1)?
3
What is -7 + 5 + 5 + 3?
6
Evaluate -63 + 61 - (-5 + -1).
4
Evaluate (-17 - -10) + 1 + 7.
1
Evaluate -2 + -1 + 3 + (-2 - 3).
-5
Evaluate -6 - (3 - 1 - 3).
-5
(56 - 67) + (8 - 1)
-4
Evaluate (2 - 13) + 5 + (6 - -1).
1
What is (-11 - -13) + -3 - -7?
6
Evaluate -2 - (2 - (-6 - -5)).
-5
What is (2 - -2 - 0) + -8 + 1?
-3
Evaluate (0 - 5) + (-8 + 19 - 11).
-5
Calculate -3 - ((5 + -2 - 9) + 5).
-2
0 - (-4 + (3 - -2))
-1
20 - 28 - (-8 + 0)
0
What is 0 + (1 - (-5 + 12))?
-6
What is the value of -1 + 1 + -6 + 11?
5
What is 2 + -4 + (-5 - -4 - -4)?
1
What is the value of -1 + (0 - 2) + 1?
-2
Evaluate -1 - (3 - (-1 - (0 - -1))).
-6
Evaluate 22 + -25 + 10 + -2.
5
Calculate (9 + -6 - 6) + 4.
1
What is the value of -11 - (0 - 21) - 3?
7
What is -5 - (-10 + 9 + -10)?
6
-7 - (-7 + 0 - 3)
3
Evaluate 10 + -7 + 3 - 7.
-1
Calculate -5 + (-4 - -4 - -10).
5
4 - ((-1 - -3) + -3)
5
What is the value of -1 + (-6 - -16) - 5?
4
What is (2 - 0) + -1 -